{"id":560,"date":"2023-07-04T15:38:28","date_gmt":"2023-07-04T15:38:28","guid":{"rendered":"https:\/\/www23.recicladoslared.es\/?page_id=560"},"modified":"2025-07-17T08:16:05","modified_gmt":"2025-07-17T08:16:05","slug":"noticias","status":"publish","type":"page","link":"https:\/\/www.recicladoslared.es\/index.php\/noticias\/","title":{"rendered":"ECONOTICIAS"},"content":{"rendered":"<p>[et_pb_section fb_built=\u00bb1&#8243; _builder_version=\u00bb4.21.0&#8243; _module_preset=\u00bbdefault\u00bb background_image=\u00bbhttps:\/\/www.recicladoslared.es\/wp-content\/uploads\/2023\/07\/Amarillo-Verde-Vintage-Bombilla-Ilustracion-General-LinkedIn-Banner-5.jpg\u00bb global_colors_info=\u00bb{}\u00bb][et_pb_row _builder_version=\u00bb4.21.0&#8243; _module_preset=\u00bbdefault\u00bb global_colors_info=\u00bb{}\u00bb][et_pb_column type=\u00bb4_4&#8243; _builder_version=\u00bb4.21.0&#8243; _module_preset=\u00bbdefault\u00bb global_colors_info=\u00bb{}\u00bb][et_pb_text _builder_version=\u00bb4.24.0&#8243; _module_preset=\u00bbdefault\u00bb text_font=\u00bb|700|||||||\u00bb text_text_color=\u00bb#474747&#8243; text_font_size=\u00bb18px\u00bb header_font=\u00bbKanit||||||||\u00bb header_text_color=\u00bb#474747&#8243; header_font_size=\u00bb82px\u00bb header_font_size_tablet=\u00bb82px\u00bb header_font_size_phone=\u00bb58px\u00bb header_font_size_last_edited=\u00bbon|phone\u00bb border_color_all=\u00bb#0083c9&#8243; border_color_bottom=\u00bb#7ab2e1&#8243; global_colors_info=\u00bb{}\u00bb]<\/p>\n<h1>Econoticias<\/h1>\n<p>[\/et_pb_text][\/et_pb_column][\/et_pb_row][\/et_pb_section][et_pb_section fb_built=\u00bb1&#8243; _builder_version=\u00bb4.21.0&#8243; _module_preset=\u00bbdefault\u00bb background_enable_image=\u00bboff\u00bb custom_padding=\u00bb40px||11px|||\u00bb global_colors_info=\u00bb{}\u00bb][et_pb_row _builder_version=\u00bb4.21.0&#8243; _module_preset=\u00bbdefault\u00bb global_colors_info=\u00bb{}\u00bb][et_pb_column type=\u00bb4_4&#8243; _builder_version=\u00bb4.21.0&#8243; _module_preset=\u00bbdefault\u00bb global_colors_info=\u00bb{}\u00bb][et_pb_blog fullwidth=\u00bboff\u00bb show_more=\u00bbon\u00bb show_author=\u00bboff\u00bb show_pagination=\u00bboff\u00bb _builder_version=\u00bb4.24.0&#8243; _module_preset=\u00bbdefault\u00bb header_line_height=\u00bb1.4em\u00bb body_font=\u00bb|300|||||||\u00bb global_colors_info=\u00bb{}\u00bb][\/et_pb_blog][et_pb_post_nav _builder_version=\u00bb4.27.4&#8243; _module_preset=\u00bbdefault\u00bb prev_text=\u00bbEntradas anteriores\u00bb next_text=\u00bbEntradas siguientes\u00bb hover_enabled=\u00bb0&#8243; sticky_enabled=\u00bb0&#8243;][\/et_pb_post_nav][\/et_pb_column][\/et_pb_row][\/et_pb_section]<\/p>\n","protected":false},"excerpt":{"rendered":"<p>Econoticias<\/p>\n","protected":false},"author":2,"featured_media":0,"parent":0,"menu_order":0,"comment_status":"closed","ping_status":"closed","template":"","meta":{"_et_pb_use_builder":"on","_et_pb_old_content":"","_et_gb_content_width":"","footnotes":""},"class_list":["post-560","page","type-page","status-publish","hentry"],"yoast_head":"<!-- This site is optimized with the Yoast SEO plugin v24.9 - https:\/\/yoast.com\/wordpress\/plugins\/seo\/ -->\n<title>ECONOTICIAS - Reciclados LA RED<\/title>\n<meta name=\"description\" content=\"Consulte aqu\u00ed las novedades del sector del reciclaje y la gesti\u00f3n de residuos. As\u00ed como los avances que nuestra empresa realiza.\" \/>\n<meta name=\"robots\" content=\"index, follow, max-snippet:-1, max-image-preview:large, max-video-preview:-1\" \/>\n<link rel=\"canonical\" href=\"https:\/\/www.recicladoslared.es\/index.php\/noticias\/\" \/>\n<meta property=\"og:locale\" content=\"es_ES\" \/>\n<meta property=\"og:type\" content=\"article\" \/>\n<meta property=\"og:title\" content=\"ECONOTICIAS - Reciclados LA RED\" \/>\n<meta property=\"og:description\" content=\"Consulte aqu\u00ed las novedades del sector del reciclaje y la gesti\u00f3n de residuos. As\u00ed como los avances que nuestra empresa realiza.\" \/>\n<meta property=\"og:url\" content=\"https:\/\/www.recicladoslared.es\/index.php\/noticias\/\" \/>\n<meta property=\"og:site_name\" content=\"Reciclados LA RED\" \/>\n<meta property=\"article:publisher\" content=\"https:\/\/www.facebook.com\/recicladoslared\" \/>\n<meta property=\"article:modified_time\" content=\"2025-07-17T08:16:05+00:00\" \/>\n<meta property=\"og:image\" content=\"https:\/\/www.recicladoslared.es\/wp-content\/uploads\/2023\/05\/Logo-La-Red-Transpa-2.png\" \/>\n\t<meta property=\"og:image:width\" content=\"600\" \/>\n\t<meta property=\"og:image:height\" content=\"400\" \/>\n\t<meta property=\"og:image:type\" content=\"image\/png\" \/>\n<meta name=\"twitter:card\" content=\"summary_large_image\" \/>\n<meta name=\"twitter:site\" content=\"@RecicladosLaRed\" \/>\n<meta name=\"twitter:label1\" content=\"Tiempo de lectura\" \/>\n\t<meta name=\"twitter:data1\" content=\"5 minutos\" \/>\n<script type=\"application\/ld+json\" class=\"yoast-schema-graph\">{\"@context\":\"https:\/\/schema.org\",\"@graph\":[{\"@type\":\"WebPage\",\"@id\":\"https:\/\/www.recicladoslared.es\/index.php\/noticias\/\",\"url\":\"https:\/\/www.recicladoslared.es\/index.php\/noticias\/\",\"name\":\"ECONOTICIAS - Reciclados LA RED\",\"isPartOf\":{\"@id\":\"https:\/\/www.recicladoslared.es\/#website\"},\"datePublished\":\"2023-07-04T15:38:28+00:00\",\"dateModified\":\"2025-07-17T08:16:05+00:00\",\"description\":\"Consulte aqu\u00ed las novedades del sector del reciclaje y la gesti\u00f3n de residuos. As\u00ed como los avances que nuestra empresa realiza.\",\"breadcrumb\":{\"@id\":\"https:\/\/www.recicladoslared.es\/index.php\/noticias\/#breadcrumb\"},\"inLanguage\":\"es\",\"potentialAction\":[{\"@type\":\"ReadAction\",\"target\":[\"https:\/\/www.recicladoslared.es\/index.php\/noticias\/\"]}]},{\"@type\":\"BreadcrumbList\",\"@id\":\"https:\/\/www.recicladoslared.es\/index.php\/noticias\/#breadcrumb\",\"itemListElement\":[{\"@type\":\"ListItem\",\"position\":1,\"name\":\"Portada\",\"item\":\"https:\/\/www.recicladoslared.es\/\"},{\"@type\":\"ListItem\",\"position\":2,\"name\":\"ECONOTICIAS\"}]},{\"@type\":\"WebSite\",\"@id\":\"https:\/\/www.recicladoslared.es\/#website\",\"url\":\"https:\/\/www.recicladoslared.es\/\",\"name\":\"Reciclados La Red\",\"description\":\"Planta de reciclaje de pl\u00e1stico y venta de pl\u00e1stico reciclado\",\"publisher\":{\"@id\":\"https:\/\/www.recicladoslared.es\/#organization\"},\"potentialAction\":[{\"@type\":\"SearchAction\",\"target\":{\"@type\":\"EntryPoint\",\"urlTemplate\":\"https:\/\/www.recicladoslared.es\/?s={search_term_string}\"},\"query-input\":{\"@type\":\"PropertyValueSpecification\",\"valueRequired\":true,\"valueName\":\"search_term_string\"}}],\"inLanguage\":\"es\"},{\"@type\":\"Organization\",\"@id\":\"https:\/\/www.recicladoslared.es\/#organization\",\"name\":\"Reciclados La Red\",\"url\":\"https:\/\/www.recicladoslared.es\/\",\"logo\":{\"@type\":\"ImageObject\",\"inLanguage\":\"es\",\"@id\":\"https:\/\/www.recicladoslared.es\/#\/schema\/logo\/image\/\",\"url\":\"https:\/\/www.recicladoslared.es\/wp-content\/uploads\/2023\/05\/Logo-La-Red-Transpa-2.png\",\"contentUrl\":\"https:\/\/www.recicladoslared.es\/wp-content\/uploads\/2023\/05\/Logo-La-Red-Transpa-2.png\",\"width\":600,\"height\":400,\"caption\":\"Reciclados La Red\"},\"image\":{\"@id\":\"https:\/\/www.recicladoslared.es\/#\/schema\/logo\/image\/\"},\"sameAs\":[\"https:\/\/www.facebook.com\/recicladoslared\",\"https:\/\/x.com\/RecicladosLaRed\",\"https:\/\/es.linkedin.com\/company\/reciclados-la-red---reciclados-pl-sticos-serva\"]}]}<\/script>\n<!-- \/ Yoast SEO plugin. -->","yoast_head_json":{"title":"ECONOTICIAS - Reciclados LA RED","description":"Consulte aqu\u00ed las novedades del sector del reciclaje y la gesti\u00f3n de residuos. As\u00ed como los avances que nuestra empresa realiza.","robots":{"index":"index","follow":"follow","max-snippet":"max-snippet:-1","max-image-preview":"max-image-preview:large","max-video-preview":"max-video-preview:-1"},"canonical":"https:\/\/www.recicladoslared.es\/index.php\/noticias\/","og_locale":"es_ES","og_type":"article","og_title":"ECONOTICIAS - Reciclados LA RED","og_description":"Consulte aqu\u00ed las novedades del sector del reciclaje y la gesti\u00f3n de residuos. As\u00ed como los avances que nuestra empresa realiza.","og_url":"https:\/\/www.recicladoslared.es\/index.php\/noticias\/","og_site_name":"Reciclados LA RED","article_publisher":"https:\/\/www.facebook.com\/recicladoslared","article_modified_time":"2025-07-17T08:16:05+00:00","og_image":[{"width":600,"height":400,"url":"https:\/\/www.recicladoslared.es\/wp-content\/uploads\/2023\/05\/Logo-La-Red-Transpa-2.png","type":"image\/png"}],"twitter_card":"summary_large_image","twitter_site":"@RecicladosLaRed","twitter_misc":{"Tiempo de lectura":"5 minutos"},"schema":{"@context":"https:\/\/schema.org","@graph":[{"@type":"WebPage","@id":"https:\/\/www.recicladoslared.es\/index.php\/noticias\/","url":"https:\/\/www.recicladoslared.es\/index.php\/noticias\/","name":"ECONOTICIAS - Reciclados LA RED","isPartOf":{"@id":"https:\/\/www.recicladoslared.es\/#website"},"datePublished":"2023-07-04T15:38:28+00:00","dateModified":"2025-07-17T08:16:05+00:00","description":"Consulte aqu\u00ed las novedades del sector del reciclaje y la gesti\u00f3n de residuos. As\u00ed como los avances que nuestra empresa realiza.","breadcrumb":{"@id":"https:\/\/www.recicladoslared.es\/index.php\/noticias\/#breadcrumb"},"inLanguage":"es","potentialAction":[{"@type":"ReadAction","target":["https:\/\/www.recicladoslared.es\/index.php\/noticias\/"]}]},{"@type":"BreadcrumbList","@id":"https:\/\/www.recicladoslared.es\/index.php\/noticias\/#breadcrumb","itemListElement":[{"@type":"ListItem","position":1,"name":"Portada","item":"https:\/\/www.recicladoslared.es\/"},{"@type":"ListItem","position":2,"name":"ECONOTICIAS"}]},{"@type":"WebSite","@id":"https:\/\/www.recicladoslared.es\/#website","url":"https:\/\/www.recicladoslared.es\/","name":"Reciclados La Red","description":"Planta de reciclaje de pl\u00e1stico y venta de pl\u00e1stico reciclado","publisher":{"@id":"https:\/\/www.recicladoslared.es\/#organization"},"potentialAction":[{"@type":"SearchAction","target":{"@type":"EntryPoint","urlTemplate":"https:\/\/www.recicladoslared.es\/?s={search_term_string}"},"query-input":{"@type":"PropertyValueSpecification","valueRequired":true,"valueName":"search_term_string"}}],"inLanguage":"es"},{"@type":"Organization","@id":"https:\/\/www.recicladoslared.es\/#organization","name":"Reciclados La Red","url":"https:\/\/www.recicladoslared.es\/","logo":{"@type":"ImageObject","inLanguage":"es","@id":"https:\/\/www.recicladoslared.es\/#\/schema\/logo\/image\/","url":"https:\/\/www.recicladoslared.es\/wp-content\/uploads\/2023\/05\/Logo-La-Red-Transpa-2.png","contentUrl":"https:\/\/www.recicladoslared.es\/wp-content\/uploads\/2023\/05\/Logo-La-Red-Transpa-2.png","width":600,"height":400,"caption":"Reciclados La Red"},"image":{"@id":"https:\/\/www.recicladoslared.es\/#\/schema\/logo\/image\/"},"sameAs":["https:\/\/www.facebook.com\/recicladoslared","https:\/\/x.com\/RecicladosLaRed","https:\/\/es.linkedin.com\/company\/reciclados-la-red---reciclados-pl-sticos-serva"]}]}},"_links":{"self":[{"href":"https:\/\/www.recicladoslared.es\/index.php\/wp-json\/wp\/v2\/pages\/560","targetHints":{"allow":["GET"]}}],"collection":[{"href":"https:\/\/www.recicladoslared.es\/index.php\/wp-json\/wp\/v2\/pages"}],"about":[{"href":"https:\/\/www.recicladoslared.es\/index.php\/wp-json\/wp\/v2\/types\/page"}],"author":[{"embeddable":true,"href":"https:\/\/www.recicladoslared.es\/index.php\/wp-json\/wp\/v2\/users\/2"}],"replies":[{"embeddable":true,"href":"https:\/\/www.recicladoslared.es\/index.php\/wp-json\/wp\/v2\/comments?post=560"}],"version-history":[{"count":14,"href":"https:\/\/www.recicladoslared.es\/index.php\/wp-json\/wp\/v2\/pages\/560\/revisions"}],"predecessor-version":[{"id":1852,"href":"https:\/\/www.recicladoslared.es\/index.php\/wp-json\/wp\/v2\/pages\/560\/revisions\/1852"}],"wp:attachment":[{"href":"https:\/\/www.recicladoslared.es\/index.php\/wp-json\/wp\/v2\/media?parent=560"}],"curies":[{"name":"wp","href":"https:\/\/api.w.org\/{rel}","templated":true}]}}

<!-- This site is optimized with the Yoast SEO plugin v24.9 - https://yoast.com/wordpress/plugins/seo/ -->
<title>ECONOTICIAS - Reciclados LA RED</title>
<meta name="description" content="Consulte aquí las novedades del sector del reciclaje y la gestión de residuos. Así como los avances que nuestra empresa realiza." />
<meta name="robots" content="index, follow, max-snippet:-1, max-image-preview:large, max-video-preview:-1" />
<link rel="canonical" href="https://www.recicladoslared.es/index.php/noticias/" />
<meta property="og:locale" content="es_ES" />
<meta property="og:type" content="article" />
<meta property="og:title" content="ECONOTICIAS - Reciclados LA RED" />
<meta property="og:description" content="Consulte aquí las novedades del sector del reciclaje y la gestión de residuos. Así como los avances que nuestra empresa realiza." />
<meta property="og:url" content="https://www.recicladoslared.es/index.php/noticias/" />
<meta property="og:site_name" content="Reciclados LA RED" />
<meta property="article:publisher" content="https://www.facebook.com/recicladoslared" />
<meta property="article:modified_time" content="2025-07-17T08:16:05+00:00" />
<meta property="og:image" content="https://www.recicladoslared.es/wp-content/uploads/2023/05/Logo-La-Red-Transpa-2.png" />
	<meta property="og:image:width" content="600" />
	<meta property="og:image:height" content="400" />
	<meta property="og:image:type" content="image/png" />
<meta name="twitter:card" content="summary_large_image" />
<meta name="twitter:site" content="@RecicladosLaRed" />
<meta name="twitter:label1" content="Tiempo de lectura" />
	<meta name="twitter:data1" content="5 minutos" />
<script type="application/ld+json" class="yoast-schema-graph">{"@context":"https://schema.org","@graph":[{"@type":"WebPage","@id":"https://www.recicladoslared.es/index.php/noticias/","url":"https://www.recicladoslared.es/index.php/noticias/","name":"ECONOTICIAS - Reciclados LA RED","isPartOf":{"@id":"https://www.recicladoslared.es/#website"},"datePublished":"2023-07-04T15:38:28+00:00","dateModified":"2025-07-17T08:16:05+00:00","description":"Consulte aquí las novedades del sector del reciclaje y la gestión de residuos. Así como los avances que nuestra empresa realiza.","breadcrumb":{"@id":"https://www.recicladoslared.es/index.php/noticias/#breadcrumb"},"inLanguage":"es","potentialAction":[{"@type":"ReadAction","target":["https://www.recicladoslared.es/index.php/noticias/"]}]},{"@type":"BreadcrumbList","@id":"https://www.recicladoslared.es/index.php/noticias/#breadcrumb","itemListElement":[{"@type":"ListItem","position":1,"name":"Portada","item":"https://www.recicladoslared.es/"},{"@type":"ListItem","position":2,"name":"ECONOTICIAS"}]},{"@type":"WebSite","@id":"https://www.recicladoslared.es/#website","url":"https://www.recicladoslared.es/","name":"Reciclados La Red","description":"Planta de reciclaje de plástico y venta de plástico reciclado","publisher":{"@id":"https://www.recicladoslared.es/#organization"},"potentialAction":[{"@type":"SearchAction","target":{"@type":"EntryPoint","urlTemplate":"https://www.recicladoslared.es/?s={search_term_string}"},"query-input":{"@type":"PropertyValueSpecification","valueRequired":true,"valueName":"search_term_string"}}],"inLanguage":"es"},{"@type":"Organization","@id":"https://www.recicladoslared.es/#organization","name":"Reciclados La Red","url":"https://www.recicladoslared.es/","logo":{"@type":"ImageObject","inLanguage":"es","@id":"https://www.recicladoslared.es/#/schema/logo/image/","url":"https://www.recicladoslared.es/wp-content/uploads/2023/05/Logo-La-Red-Transpa-2.png","contentUrl":"https://www.recicladoslared.es/wp-content/uploads/2023/05/Logo-La-Red-Transpa-2.png","width":600,"height":400,"caption":"Reciclados La Red"},"image":{"@id":"https://www.recicladoslared.es/#/schema/logo/image/"},"sameAs":["https://www.facebook.com/recicladoslared","https://x.com/RecicladosLaRed","https://es.linkedin.com/company/reciclados-la-red---reciclados-pl-sticos-serva"]}]}</script>
<!-- / Yoast SEO plugin. -->

Consulte aquí las novedades del sector del reciclaje y la gestión de residuos. Así como los avances que nuestra empresa realiza.

Planta de reciclaje de plástico y venta de plástico reciclado
